{"id":974,"date":"2023-11-29T14:35:20","date_gmt":"2023-11-29T13:35:20","guid":{"rendered":"https:\/\/fetedulivre.hyeres.fr\/?page_id=974"},"modified":"2026-01-09T11:44:30","modified_gmt":"2026-01-09T10:44:30","slug":"candidatures-2024","status":"publish","type":"page","link":"https:\/\/fetedulivre.hyeres.fr\/?page_id=974","title":{"rendered":"Candidatures 2026"},"content":{"rendered":"\n<p class=\"has-text-align-center\">Les candidatures pour la 12e \u00e9dition de la F\u00eate du Livre se d\u00e9rouleront <strong>du 5 janvier au 31 janvier 2026.<\/strong><\/p>\n\n\n\n<p class=\"has-text-align-center\">Chaque demande sera soumise \u00e0 un comit\u00e9 d&rsquo;\u00e9tude compos\u00e9 de professionnels litt\u00e9raires et de membres de l&rsquo;organisation de l&rsquo;\u00e9v\u00e9nement. Vous candidatez <strong>pour une journ\u00e9e qui vous sera attribu\u00e9e par le comit\u00e9 d&rsquo;organisation<\/strong>.<br><br>Les r\u00e9ponses seront adress\u00e9es <strong>\u00e0 partir du lundi 30 mars 2026.<\/strong><br><\/p>\n\n\n\n<p class=\"has-text-align-center has-medium-font-size\">Cliquez <a rel=\"noreferrer noopener\" href=\"https:\/\/candidatfdl.ville-hyeres.net\/CandidatLivre\" target=\"_blank\">ici<\/a> pour adresser votre candidature<\/p>\n\n\n<div class=\"wp-block-image\">\n<figure class=\"aligncenter size-large is-resized\"><img loading=\"lazy\" src=\"https:\/\/fetedulivre.hyeres.fr\/wp-content\/uploads\/2026\/01\/FE\u0302TE-DU-LIVRE-un-titre-4-1024x1024.jpg\" alt=\"\" class=\"wp-image-2896\" width=\"512\" height=\"512\" srcset=\"https:\/\/fetedulivre.hyeres.fr\/wp-content\/uploads\/2026\/01\/FE\u0302TE-DU-LIVRE-un-titre-4-1024x1024.jpg 1024w, https:\/\/fetedulivre.hyeres.fr\/wp-content\/uploads\/2026\/01\/FE\u0302TE-DU-LIVRE-un-titre-4-300x300.jpg 300w, https:\/\/fetedulivre.hyeres.fr\/wp-content\/uploads\/2026\/01\/FE\u0302TE-DU-LIVRE-un-titre-4-150x150.jpg 150w, https:\/\/fetedulivre.hyeres.fr\/wp-content\/uploads\/2026\/01\/FE\u0302TE-DU-LIVRE-un-titre-4-768x768.jpg 768w, https:\/\/fetedulivre.hyeres.fr\/wp-content\/uploads\/2026\/01\/FE\u0302TE-DU-LIVRE-un-titre-4.jpg 1080w\" sizes=\"(max-width: 512px) 100vw, 512px\" \/><\/figure><\/div>","protected":false},"excerpt":{"rendered":"<p>Les candidatures pour la 12e \u00e9dition de la F\u00eate du Livre se d\u00e9rouleront du 5 janvier au 31 janvier 2026. Chaque demande sera soumise \u00e0 un comit\u00e9 d&rsquo;\u00e9tude compos\u00e9 de &#8230;<\/p>\n","protected":false},"author":2,"featured_media":0,"parent":0,"menu_order":0,"comment_status":"closed","ping_status":"closed","template":"","meta":{"_monsterinsights_skip_tracking":false,"_monsterinsights_sitenote_active":false,"_monsterinsights_sitenote_note":"","_monsterinsights_sitenote_category":0},"_links":{"self":[{"href":"https:\/\/fetedulivre.hyeres.fr\/index.php?rest_route=\/wp\/v2\/pages\/974"}],"collection":[{"href":"https:\/\/fetedulivre.hyeres.fr\/index.php?rest_route=\/wp\/v2\/pages"}],"about":[{"href":"https:\/\/fetedulivre.hyeres.fr\/index.php?rest_route=\/wp\/v2\/types\/page"}],"author":[{"embeddable":true,"href":"https:\/\/fetedulivre.hyeres.fr\/index.php?rest_route=\/wp\/v2\/users\/2"}],"replies":[{"embeddable":true,"href":"https:\/\/fetedulivre.hyeres.fr\/index.php?rest_route=%2Fwp%2Fv2%2Fcomments&post=974"}],"version-history":[{"count":16,"href":"https:\/\/fetedulivre.hyeres.fr\/index.php?rest_route=\/wp\/v2\/pages\/974\/revisions"}],"predecessor-version":[{"id":2902,"href":"https:\/\/fetedulivre.hyeres.fr\/index.php?rest_route=\/wp\/v2\/pages\/974\/revisions\/2902"}],"wp:attachment":[{"href":"https:\/\/fetedulivre.hyeres.fr\/index.php?rest_route=%2Fwp%2Fv2%2Fmedia&parent=974"}],"curies":[{"name":"wp","href":"https:\/\/api.w.org\/{rel}","templated":true}]}}

<p class="has-text-align-center">Les candidatures pour la 12e édition de la Fête du Livre se dérouleront <strong>du 5 janvier au 31 janvier 2026.</strong></p>



<p class="has-text-align-center">Chaque demande sera soumise à un comité d&rsquo;étude composé de professionnels littéraires et de membres de l&rsquo;organisation de l&rsquo;événement. Vous candidatez <strong>pour une journée qui vous sera attribuée par le comité d&rsquo;organisation</strong>.<br><br>Les réponses seront adressées <strong>à partir du lundi 30 mars 2026.</strong><br></p>



<p class="has-text-align-center has-medium-font-size">Cliquez <a rel="noreferrer noopener" href="https://candidatfdl.ville-hyeres.net/CandidatLivre" target="_blank">ici</a> pour adresser votre candidature</p>


<div class="wp-block-image">
<figure class="aligncenter size-large is-resized"><img loading="lazy" src="https://fetedulivre.hyeres.fr/wp-content/uploads/2026/01/FÊTE-DU-LIVRE-un-titre-4-1024x1024.jpg" alt="" class="wp-image-2896" width="512" height="512" srcset="https://fetedulivre.hyeres.fr/wp-content/uploads/2026/01/FÊTE-DU-LIVRE-un-titre-4-1024x1024.jpg 1024w, https://fetedulivre.hyeres.fr/wp-content/uploads/2026/01/FÊTE-DU-LIVRE-un-titre-4-300x300.jpg 300w, https://fetedulivre.hyeres.fr/wp-content/uploads/2026/01/FÊTE-DU-LIVRE-un-titre-4-150x150.jpg 150w, https://fetedulivre.hyeres.fr/wp-content/uploads/2026/01/FÊTE-DU-LIVRE-un-titre-4-768x768.jpg 768w, https://fetedulivre.hyeres.fr/wp-content/uploads/2026/01/FÊTE-DU-LIVRE-un-titre-4.jpg 1080w" sizes="(max-width: 512px) 100vw, 512px" /></figure></div>

<p>Les candidatures pour la 12e édition de la Fête du Livre se dérouleront du 5 janvier au 31 janvier 2026. Chaque demande sera soumise à un comité d&rsquo;étude composé de &#8230;</p>
